Calculate the highest common divisor of n and d.
7
Let s be (-228)/(-9) - (-15)/9. What is the highest common factor of s and 297?
27
Suppose 0 = 4*x - 5*i - 97, 0*x + x - 43 = -5*i. Suppose -5*u = -2*a - 7, 0 = -4*a - 4*u + 24 + 4. Calculate the highest common divisor of a and x.
4
Suppose 68 = 2*a - 4*h, 4*h - 10 = -2. Let n = 66 - a. What is the highest common divisor of 4 and n?
4
Suppose 4*n - 98 - 14 = -5*y, 4*y - 4*n = 104. Suppose -4*m + 72 = y. Suppose -z + m = 2*z, 5*z = -3*g + 32. Calculate the highest common factor of g and 28.
4
Let p(y) = y**2 - 10*y + 33. Let x be p(8). What is the greatest common divisor of x and 17?
17
Let n = 4 - -52. Calculate the highest common divisor of 8 and n.
8
Suppose 0 = -f + 2*f. Suppose 13 = -f*s + s - 5*n, -4*s + 3*n + 18 = 0. Calculate the highest common factor of s and 18.
3
Let o(b) = 4*b**3 + 3*b**2 + 1. Let y be o(-3). Let p be (952/35)/(1/5). Let s = y + p. Calculate the greatest common factor of s and 7.
7
Let a be (-3)/(-3) + -3 - -5. Let n be (-1)/4 + 1512/32. Suppose -4*l + 5*x = -9 - 46, 2*x = -3*l + n. What is the highest common factor of l and a?
3
Suppose 0 = -b + 3*h + 212, 3*b = -b + 3*h + 812. Calculate the greatest common divisor of b and 80.
40
Let i = -24 + 36. Let j = -14 + 23. Let o = 21 - j. Calculate the greatest common divisor of i and o.
12
Let z = 7 - -10. Suppose 4*l - 126 = -3*m + m, 0 = 4*l + 4*m - 116. Calculate the greatest common factor of z and l.
17
Let o = 8 - 2. Let v be (-21*1)/(o/(-4)). Calculate the highest common divisor of 154 and v.
14
Suppose 4*l - 2*d + 1 + 5 = 0, 0 = -4*l - 4*d - 36. Let z = 10 + l. Let v be 0 - (-4)/(-1) - -22. Calculate the greatest common factor of v and z.
6
Suppose -2*x + 3*m + 25 = 0, 50 = 4*x - 2*m + 12. Let b = x - 3. Calculate the greatest common factor of 15 and b.
5
Let n(z) = 2*z**2 - 14*z - 1. Let l be n(8). Calculate the highest common divisor of 45 and l.
15
Let s(w) = 10*w. Let d be s(-1). Let v = 11 + d. What is the greatest common divisor of v and 1?
1
Let j be (-33)/((-5 + 4)/1). What is the greatest common divisor of 3 and j?
3
Let x(t) = 14*t**2. Let a be x(2). Calculate the greatest common factor of 14 and a.
14
Suppose -330 = -6*r + 132. What is the highest common factor of r and 11?
11
Suppose 3*t = t + 6. What is the highest common divisor of 24 and t?
3
Let d = 8 - 2. Let j be d/5*(-3 + 8). Let n be ((-10)/(-4))/(-5)*-8. Calculate the highest common divisor of j and n.
2
Let n(g) = -g**2 + g + 1. Let a be n(-1). Let f be 3/a - 12/(-2). Suppose 2*j + 6*z - z = 3, j + f*z = 0. What is the greatest common factor of 9 and j?
9
Let j be (36 - -6)*2/(18/3). Calculate the highest common factor of j and 28.
14
Let d(r) = -2*r + 1. Let t be d(-2). Let u be ((-6)/(-15))/((-1)/t). Let m be (u + -1)/(-3)*40. What is the highest common divisor of 8 and m?
8
Let o be (-242)/(-4) + 5/(-10). Let n be (24/(-10))/((-18)/o). What is the highest common divisor of 40 and n?
8
Suppose -668 = -10*f + 322. Calculate the greatest common divisor of f and 9.
9
Suppose 2*m + 3 = -3*x, -3*x - 4*m = -x + 10. Suppose -4 = -s, 0*p + 2*s = p + x. Calculate the highest common factor of 56 and p.
7
Suppose 0*x = 3*x + 12, -3*j + 26 = -5*x. Suppose -4*t - c + 6 = 0, -3*t - j*c = -0*t - 2. Suppose 6 = p + t. What is the greatest common factor of 6 and p?
2
Let r be (-6)/36 - 230/(-12). Calculate the highest common divisor of 19 and r.
19
Suppose -2*l + 17 + 28 = 3*r, -5*l - 3*r = -99. Let d = 238 - 148. What is the greatest common divisor of l and d?
18
Let l(d) = 2*d**2 - 3*d + 1. Suppose 8 = 5*b - 2*k, -3*k = 3*b - 2*k - 7. Let p be l(b). Calculate the highest common divisor of 27 and p.
3
Suppose 5*n - 4*p - 691 = 0, n - 266 = -n - p. Calculate the highest common divisor of 30 and n.
15
Suppose -b + 2 = 1. What is the highest common divisor of 11 and b?
1
Let r be 93/(2 - -1) - 1. Calculate the greatest common divisor of r and 12.
6
Let f = -17 + 25. Calculate the greatest common factor of 56 and f.
8
Suppose 0 = -3*v + 4*s - 9 + 26, -4*v = 2*s + 14. Let r(q) = q - 3. Let b be r(7). Let h = v + b. What is the greatest common divisor of h and 3?
3
Let v(b) = 32*b - 3. Let w be v(4). What is the greatest common factor of w and 25?
25
Let j(k) = -k**3 - 10*k**2 + 8*k - 13. Let s be j(-11). What is the greatest common factor of s and 40?
20
Suppose -3*b + 8 = 3*q - q, -b - 3*q - 2 = 0. What is the greatest common divisor of 2 and b?
2
Let h = -12 - -56. Suppose 3*n - h = -n. What is the highest common divisor of n and 11?
11
Let f = 7 + -1. What is the highest common factor of 30 and f?
6
Let a be (-2)/7 + (-90)/(-21). Suppose 0*m + a*m - 20 = 0. Suppose 4 = m*z - 6. What is the greatest common factor of 1 and z?
1
Let p(l) = l + 2. Let q be p(1). Suppose -4*k + q*x = -32, k + 2*x = -k + 16. Let y = -2 - -10. What is the highest common divisor of k and y?
8
Suppose 0 = 3*s - 5 - 25. Let o be 125/10*44/5. Calculate the highest common divisor of o and s.
10
Let b(z) be the first derivative of 13*z**2/2 - 6*z + 2. Let t be b(6). Calculate the highest common factor of 18 and t.
18
Let t = 102 + 114. What is the greatest common divisor of t and 24?
24
Suppose g + g - 12 = -b, 2*b = -4. Let s(i) = 2*i**2 - 9*i + 5. Let j be s(g). Calculate the greatest common factor of 100 and j.
20
Suppose 2*n = -4*f + 110, f - 140 = -4*f - 5*n. Calculate the greatest common divisor of f and 243.
27
Suppose 5*t = -2*w + 388, 0 = 2*w - 0 + 2. Suppose t = 2*j - 48. What is the greatest common divisor of 7 and j?
7
Let f be ((-18)/27)/((-4)/138). Suppose -4*d + q = -828, 2*q + 662 = 3*d + 41. Calculate the greatest common factor of d and f.
23
Suppose 5*r + 7 = -2*x, x - 1 = 6*r - 4*r. Let m(w) = 17*w**2 - 1. Let z be m(r). Let i be -2 - ((-4)/1)/1. What is the greatest common divisor of i and z?
2
Let t(d) = 8*d**2 - 4*d - 2. Let o be t(4). Suppose -4*j - 34 = -w - 79, -5*w = 25. What is the greatest common factor of o and j?
10
Suppose 5*i - 2*d - 60 = 0, 3*i - 36 = d + 4*d. What is the greatest common factor of 18 and i?
6
Let p(n) = n**2 + 5*n + 1. Let h be p(5). What is the greatest common divisor of 51 and h?
51
Let k(i) = 3*i**2 - 5*i - 10. Let m be k(5). What is the highest common factor of m and 8?
8
Let j = 43 + 38. Suppose 0 = -4*d + 11 - 111. Let y be (-4)/(-6) - d/3. Calculate the highest common divisor of y and j.
9
Suppose 0 = t - 0*t - 14. Let n(a) = a + 9. Let y be n(-10). Let z be (-2)/(6/(-45)) + y. Calculate the highest common divisor of t and z.
14
Let t(m) = -3*m**2 - 16*m - 6. Let r be t(-4). Calculate the highest common factor of r and 5.
5
Let f be (-150)/(-4)*(-48)/(-30). Suppose 4*p + 2*y = 22, -3*y = 4*p + y - 28. Suppose -k + f = p*k. What is the highest common factor of k and 36?
12
Let o be (57/(-12))/((-5)/20). What is the greatest common factor of o and 19?
19
Let j = 658 - 383. Calculate the highest common factor of j and 25.
25
Let v(i) = -2*i - 9. Let u be v(-6). Suppose -3*z + 6*z - 180 = 0. Suppose u*j = -j + z. Calculate the highest common factor of j and 60.
15
Let m = -20 - -40. Suppose -5*b + 2*q + 43 = 0, 4*b - 5*q - 47 + 16 = 0. Suppose 4*k - 23 = b. Calculate the greatest common factor of m and k.
4
Suppose -7*a = -8*a. Let v be (-8)/(-12)*(a + -6). Let q be (10/v - -2)*-12. What is the highest common divisor of 2 and q?
2
Let b be (-4)/(-10) - (-1372)/70. Suppose 15*c + 160 = b*c. What is the highest common divisor of c and 4?
4
Let u = -79 - -89. Suppose -3 + 5 = y. Suppose -y*p = -6*p + 440. What is the highest common divisor of p and u?
10
Let l(j) = -3*j + 1. Let b be l(-1). Let q(v) = 17*v. Let f be q(b). Let p(r) = -6*r - 1. Let s be p(-3). Calculate the highest common divisor of s and f.
17
Let w(c) = 3*c**2 + 3*c - 3. Let p(l) = -4*l**2 - 4*l + 4. Let q(y) = -4*p(y) - 5*w(y). Let o be q(1). Calculate the highest common factor of 1 and o.
1
Suppose 0 = -4*v + 24 + 44. What is the highest common divisor of 68 and v?
17
Let r be (0 - 24/(-9))/(3/36). Suppose g - 33 = 15. Calculate the greatest common divisor of r and g.
16
Let d be ((-10)/(-30))/(1/54). Calculate the greatest common factor of 6 and d.
6
Suppose -2*i + 7*i = -4*o + 100, -3*o + 5*i = -75. Let w(k) = 9*k + 1. Let x be w(1). What is the greatest common d